5*a(t) + g(t). Determine y(-14).
18
Let y(m) = 6*m - 31*m + 12*m + 0 - 8 - m**2. Give y(-10).
22
Suppose 0 = 5*v + 3 - 8. Let r(x) = -3 + 3*x - 12 + 14. What is r(v)?
2
Let u be 1/(-4) - (100/(-16))/1. Suppose 5*m - u = 7*m. Let k(b) = -b**2 - 4*b + 4. What is k(m)?
7
Let m(v) be the third derivative of v**5/30 - v**4/24 - 8*v**3/3 + 14*v**2. Let a(y) be the first derivative of m(y). What is a(2)?
7
Let g = 13 - 8. Suppose f - g*f - 20 = 0. Let b(z) = -2 + z**2 + 2*z - 2*z + 3*z. Determine b(f).
8
Let h(o) = -29*o**3 + 4*o + 19. Let m(i) = i**3 + i + 6. Let z(r) = h(r) - 3*m(r). What is z(-1)?
32
Let d(q) = 2*q**3 - 3*q**2 + 3*q - 3. Let r(n) = n**3 + 8*n**2 - 3*n - 20. Let o be r(-8). Suppose o*x - 5*j = 33, -7*x + 2*x + 20 = -2*j. Determine d(x).
7
Suppose -5*t + 1 = -w - 57, 3*t = w + 34. Suppose t*z = 4*z - 8. Let b(l) = -l - 6. Let s(h) = -1. Let j(a) = z*b(a) + 6*s(a). What is j(-3)?
-3
Let j(z) be the first derivative of z**2/2 - 22*z - 26. Let q be j(16). Let d(l) be the second derivative of -l**3/6 - l. Determine d(q).
6
Let r(a) = 10*a**2 - 4*a**2 - 7*a**2 - a + 3 - 4. What is r(-1)?
-1
Let o = 713 + -8555/12. Let d(r) be the third derivative of 1/60*r**5 - o*r**4 - 1/2*r**3 + 0*r + 0 - 5*r**2. Determine d(-2).
5
Let f(y) be the second derivative of 5*y**3/6 + y**2 - 5*y - 15. Give f(-2).
-8
Let q = 365 + -356. Let t(b) = -2*b + 19. Let j(l) = -1. Let h(m) = -6*j(m) - t(m). Determine h(q).
5
Let d be (2/140)/(12/14). Let l(c) be the third derivative of 0*c**3 + 1/24*c**4 + 0 - 3*c**2 + 1/120*c**6 - d*c**5 + 0*c. What is l(1)?
1
Suppose 3*z + 33 = -0*z. Let c = z - -16. Let x(o) be the first derivative of -o**3/3 + 3*o**2 + 4*o + 8. Determine x(c).
9
Let a(l) = l**2 - 19*l + 40. Let p be 2*(-19 + 3)*(-1)/2. Let c be a(p). Let t(d) = -d**3 - 8*d**2 - 7. What is t(c)?
-7
Suppose 54 = 5*x - 56. Let y = x + -17. Let q(s) be the second derivative of -s**3/6 - s**2 - 2*s. Determine q(y).
-7
Let t(d) = -7 + 27 + 25*d**3 + d - 16 - 5. Calculate t(1).
25
Let p be -2 + 2 + 1 + 3. Let y(r) = r + 2. What is y(p)?
6
Let q(l) = -l**2 - 5*l. Let g be q(-4). Suppose 8*t - 60 = g*t. Suppose k = -2*k - t. Let c(p) = 2*p - 2. Give c(k).
-12
Let t(r) = 2*r + 1. Suppose 0 = 2*q - 3*g - 9, -19*q + 16*q + 4*g + 13 = 0. Determine t(q).
7
Suppose 0 = -7*o + 5*o + 60. Suppose -4*k = k - o. Let g(q) be the third derivative of q**5/60 - 5*q**4/24 - 5*q**3/6 + q**2. Give g(k).
1
Let j(i) = i**2 - 5*i + 5. Let k(f) = 2*f**3 + 34*f**2 + 32*f + 4. Let w be k(-16). What is j(w)?
1
Let f(z) = -23*z - 5. Let k(r) = 42*r + 8. Let a(c) = -11*f(c) - 6*k(c). Give a(-7).
0
Let i(b) = 3*b**2 + 295*b + 29. Let u(c) = c**2 + 103*c + 10. Let a(z) = -6*i(z) + 17*u(z). What is a(-18)?
14
Let q(u) = -30*u**2 + 32*u - 25. Let j(b) = 14*b**2 - 16*b + 12. Let m(i) = 13*j(i) + 6*q(i). Determine m(7).
-8
Let n be (-2)/(-5) - (-4 + 128/20). Let a(g) = 11*g + 7. Calculate a(n).
-15
Let d(n) be the second derivative of n**7/840 - n**6/360 + n**5/120 - n**4/24 + 5*n**3/3 - 15*n. Let a(k) be the second derivative of d(k). What is a(1)?
0
Let q(o) be the third derivative of o**6/120 - o**5/120 + o**4/3 - 13*o**2. Let w(a) be the second derivative of q(a). What is w(1)?
5
Let y(o) = -o - 7. Let v(x) = -3*x - 15. Let f(l) = 2*v(l) - 5*y(l). Determine f(-8).
13
Let z be (22 - -2)*(-30)/(-40). Let i(f) = -f**3 + 18*f**2 + 8. What is i(z)?
8
Let d(m) = -1. Let b(x) = 3*x + 12 + 0*x + 4*x - 4*x. Let c be b(-6). Let k(r) = -2*r - 3. Let i(u) = c*d(u) + k(u). What is i(-6)?
15
Let o(g) = g**3 + 13*g**2 + 15*g + 30. Suppose 0 = x + 3*f + 6, -47*f + 48*f + 58 = -5*x. What is o(x)?
-6
Let q(l) = 4*l**2 + 15*l + 4. Let d(o) = -19*o**2 - 73*o - 21. Let n(g) = 3*d(g) + 14*q(g). Suppose 7*f = 4*f - 15. Determine n(f).
13
Let f(u) = 10*u + 7 - 4 - 11*u. What is f(-8)?
11
Let p(f) = -f**3 - 12*f**2 + 15*f - 9. Suppose -13*u - 175 = -6. Determine p(u).
-35
Let z(n) be the second derivative of -1/2*n**3 + 1/2*n**2 + 0 - 2*n. Suppose -6*q + 1 = 3*l - q, l + 5*q - 7 = 0. Determine z(l).
10
Let n(z) = -2*z - 20. Let q be n(-7). Let l(g) be the third derivative of -g**5/60 - g**4/4 + 2*g**3/3 - g**2. Give l(q).
4
Let b(f) = -9*f**2 + 2*f**3 - f**2 - 2 + 2*f + 7*f**2. Let q(y) = -y**2 - 4*y - 2. Suppose 0 = 5*x - 2*n + 10 + 6, 5 = 5*x + 5*n. Let p be q(x). Calculate b(p).
6
Let m(r) be the second derivative of r**5/20 + r**4/2 - r**2/2 - 34*r. Determine m(-6).
-1
Let d(p) = -p**3 + 12*p**2 + 3*p - 37. Let o = 182 + -170. Calculate d(o).
-1
Let v(k) = -4*k**2 + 2. Let p be 6*(7/(-3) - -3). Suppose -3*c + c = -p. Determine v(c).
-14
Let l(q) = -121*q**2 + 135*q**2 + q - 2*q. Let r(x) be the second derivative of -x**3/6 + x**2 - 3*x. Let s be r(3). Give l(s).
15
Let y(r) = -r**3 + 4*r**2 + r + 2. Let v be (-190)/(-40) + (-33)/12 + 3. What is y(v)?
-18
Let n(l) be the first derivative of 2*l**3/3 - l + 84. Determine n(-3).
17
Let j(y) = 5*y**2 + 165*y + 197*y + y**3 + 5 - 355*y. Determine j(-2).
3
Let d = -23 + 29. Suppose n - d = -n. Suppose -a + k + n = -2*k, 3*a = -2*k + 20. Let v(f) = -f + 9. Determine v(a).
3
Let f(k) = 5*k + 13. Let p(d) = -d + 3. Let q(l) = f(l) - 5*p(l). Give q(-5).
-52
Let q be 3/(15/(-5))*-2. Suppose 0*u + 16 = 4*u, q*u - 28 = -4*f. Let g(a) = a**2 + 4*a**2 + a**3 - f + 2*a - 3*a**2 + 4*a**2. Determine g(-6).
-17
Let z(p) = -p**2 - 7*p - 1. Let t be (-2)/(-12) - (-99)/54. Suppose w = -1 - 3, -m + t*w = 8. Let d be (2 + -1)*(m + 9). Calculate z(d).
-1
Let f = -77 - -84. Let c(l) = l**2 - 5*l - 2. What is c(f)?
12
Let k = -11 - -17. Let n = k + -8. Let d be n/(4/6) + -2. Let r(p) = -p**2 - 6*p - 4. Give r(d).
1
Let g(c) be the second derivative of -c**4/4 - c**3/6 + c**2 - 3*c - 7. Calculate g(-2).
-8
Let m(j) = j**2 - 6*j - 5. Let f be (-4 - -5)*-39*1. Let z be 26*(-20)/(-24)*-3. Let d be f/z - 64/(-10). Calculate m(d).
2
Let d(h) be the second derivative of -h**4/12 + h**3/6 + h**2/2 - h. Let x(p) = -2*p + 8. Let m be x(4). Suppose 3*b - 11 = -4*g, 5*b + m = 25. Calculate d(g).
-1
Let m(a) = -11*a**2 - 5*a + 49. Let x(l) = 7*l**2 + 3*l - 33. Let p(j) = -5*m(j) - 8*x(j). Give p(6).
-11
Let a(v) = -v**2 - 166*v - 12 - 3 + 165*v. Let z be (5 - (-3 - -8))*-1. What is a(z)?
-15
Let t be 4/6 - 39/(-9). Let i(b) = 216*b - 170*b + b**2 - 53*b + 6. What is i(t)?
-4
Let w(h) be the second derivative of -h**3/6 - 5*h**2/2 + 68*h. Calculate w(-7).
2
Let s(u) = 3*u**3 + 5*u**2 - 5*u - 8. Let b(t) = -8*t**3 - 10*t**2 + 10*t + 17. Let o(c) = -2*b(c) - 5*s(c). Calculate o(3).
3
Let s(u) = -u - 5. Let n(g) = -g**2 - 15*g - 26. Let i be -15 - 9/(18/(-4)). Let p be n(i). Determine s(p).
-5
Let k(y) be the second derivative of y**3/6 - 2*y**2 - 13*y. Suppose 14*m - 6 = 78. What is k(m)?
2
Suppose -5*p = 2*r - 2*p - 144, 5*r - p = 377. Suppose 2*l + r = 5*l. Let z be 66/(-10) + (-10)/l. Let s(g) = -g**2 - 5*g + 8. Calculate s(z).
-6
Let u(d) = -21*d - 36. Let c(p) be the first derivative of -3*p**2/2 - 5*p + 3. Let v(a) = 15*c(a) - 2*u(a). Let z be 315/(-189) - (1 + 2/(-3)). Determine v(z).
3
Let u = -128 + 132. Suppose u + 24 = -7*h. Let x(p) = 4*p**3 + 5*p**2 + 7*p + 1. Let n(a) = -a**3 - a + 1. Let v(z) = 3*n(z) + x(z). What is v(h)?
4
Let z = -6 - -9. Suppose -6*u = -11*u. Let a = z + u. Let h(i) = i**3 - 4*i**2 - i - 4. Determine h(a).
-16
Let q(s) = 3*s + 315 - 142 - 176 - s**2. Let i = 4 - 1. What is q(i)?
-3
Let l(p) = -p**3 + 9*p**2 - 9*p - 10. Suppose 0 = -m + 2*q + 2, 35 = 4*m + 3*q - 2*q. Determine l(m).
-18
Let v(s) = 17*s. Let o(f) = -f**2 + 12*f - 28. Let c be o(9). Determine v(c).
-17
Let k(w) = -w**3 - 5*w**2 + 6*w - 3. Let d(j) = j**3 + 4*j**2 - 4*j. Let f be d(-5). Let i be (3 - 0)/(-3) + f. Give k(i).
-3
Let m(n) be the first derivative of -1/24*n**4 + 0*n - 5 + 3/2*n**2 + 1/3*n**3. Let d(t) be the second derivative of m(t). Give d(-5).
7
Let r(z) be the third derivative of 0*z - 1/120*z**6 + 16*z**2 + 1/24*z**4 - 1/60*z**5 + 0 + 11/6*z**3. Let p = -1 - -1. Determine r(p).
11
Let q be 5174/91 - 2/(-14). Let l = -54 + q. Let z(s) = s**3 - 4*s**2 + 5*s - 2. Determine z(l).
4
Let x = -7 - -3. Let r(m) be the second derivative of m**3/2 - m**2/2 + 11*m. What is r(x)?
-13
Let k(s) be the third derivative of s**5/60 + s**4/4 - 11*s**2 + 2. Let q be 32/(-6) + 3/9. Calculate k(q).
-5
Let t(y) = 2